687910. What are the prime factors of r?
27697
Suppose 40*l - 632 = 328. Let f(d) = 2*d**2 + 27*d + 21. List the prime factors of f(l).
3, 607
List the prime factors of 110719/(2*(-15)/((-240)/28)).
2, 15817
Let b be ((-3)/12)/((-2)/(-40)). What are the prime factors of ((-10)/(-5) + b)/((-4)/1776)?
2, 3, 37
Let l(h) = -523*h - 696. List the prime factors of l(-7).
5, 593
Let k be ((-462)/4 - 9/18) + 1. Let r = k - -116. What are the prime factors of (-2828)/(-24) - r/(-6)?
2, 59
Suppose 4*v = 3548 - 3584, j - 3*v = 7493. List the prime factors of j.
2, 3733
Let j be 2559 + 1 + (26 - 22). Let a = -1711 + j. What are the prime factors of a?
853
Let b = 31 - -739. Suppose 6*d = b + 316. List the prime factors of d.
181
Let w = -2971 - -3488. List the prime factors of w.
11, 47
Let m = 16729 + -7224. List the prime factors of m.
5, 1901
Let d = 25880 - 5993. What are the prime factors of d?
3, 7, 947
Suppose -21*u + 2679 + 297575 = 13*u. List the prime factors of u.
8831
Suppose 24*k + 9352 = 31*k. Let v = k - 664. Suppose v = 8*r - 648. What are the prime factors of r?
3, 5, 11
Let c(j) = 12*j + 171. Let t be c(-14). Suppose 9*g - 8*g = 2, t*y + 4*g = 4511. What are the prime factors of y?
19, 79
Let g(m) = 15*m**3 - 3*m**2 + 2*m - 5. Let p be g(5). Suppose -17*f - p = -5*t - 13*f, 0 = t - 3*f - 361. List the prime factors of t.
19
Suppose -3*y = 4*v + 385, -4*v - 651 = 5*y - 2*v. Let c = -423 + 161. Let j = y - c. List the prime factors of j.
131
Let r(d) = 13*d**3 - d**2 - 9*d + 17. Let l = -139 + 142. List the prime factors of r(l).
2, 83
Let k(b) = 2*b - 3. Let v be k(9). Let y = -859 + 861. Suppose -v*d + y*d = -234. What are the prime factors of d?
2, 3
Let x(v) = v**3 - 14*v**2 + 23*v + 17. Let s = 445 - 427. List the prime factors of x(s).
11, 157
Let k(f) = 487*f**2 - 7*f + 35. List the prime factors of k(3).
4397
Let v = 143542 - 84278. What are the prime factors of v?
2, 463
Suppose 47618 = -258*r + 259*r + 3*b, -4*r = -4*b - 190344. What are the prime factors of r?
2, 53, 449
List the prime factors of -10*9/(-45) - -5716.
2, 3, 953
Suppose 4*o - 21590 = -1210. List the prime factors of o.
5, 1019
Let l(j) = j**3 + 17*j**2 + 2*j + 35. Let z be l(-17). List the prime factors of (52/12 - z)*2748/20.
2, 229
Let t = -37250 - -37319. What are the prime factors of t?
3, 23
Suppose 59712 + 261103 + 503885 = 60*f. List the prime factors of f.
5, 2749
Let t(x) = 10*x - 20. Let q = -45 - -48. Let a be t(q). What are the prime factors of 1 + 205 + -1 + -10 + a?
5, 41
Let z be 4 - 60/75*(-10)/4. Suppose -z*j - 112 = 2*j. List the prime factors of 2 + j/4 + (-777)/(-6).
2
What are the prime factors of ((-2 - 11)*428)/((475/(-75))/19)?
2, 3, 13, 107
Let g = 4420 - 2654. Let i = 2526 - g. List the prime factors of i.
2, 5, 19
Suppose b = 3*w + 4910, 61*w = 58*w. What are the prime factors of b?
2, 5, 491
Let b(p) = -9 - 2*p**3 + 14 + 3*p**3 + 14*p**2 + 14 + 14*p. Let u be b(-13). Suppose u*q - 15 = 5*q. What are the prime factors of q?
3, 5
Let k(t) = 3930*t + 1209. List the prime factors of k(14).
3, 18743
Suppose 5*g = 2*f - 10497, f - 2*f = -3*g - 5251. Suppose -31*d = -3*d - f. List the prime factors of d.
11, 17
Let o(f) be the first derivative of 5*f**3 + 11*f**2/2 + 46*f + 219. List the prime factors of o(-4).
2, 11
Let a = -3725 + 5561. Suppose 8*p + 44 - a = 0. List the prime factors of p.
2, 7
Let b = -5756 + 11097. List the prime factors of b.
7, 109
Suppose -15 = a - 15. Let r(q) = 57 - 2*q**2 + 3*q - 10*q + 5*q. List the prime factors of r(a).
3, 19
Let v(m) = m + 9. Let l be v(-5). Suppose u + l*d = -4*u + 12, -5*u - 5*d + 10 = 0. Suppose 8*t = u*t + 364. What are the prime factors of t?
7, 13
Let r(d) = -d**2 - 3*d + 21. Let m be r(-7). Let p(k) = -k**3 + 10*k**2 + 16*k - 10. List the prime factors of p(m).
3, 79
Suppose 0 = -9*g - 2*g + 33. Suppose 4*o + g*k = 1491, k + 11 - 12 = 0. List the prime factors of o.
2, 3, 31
Let w be -248 + -3 + -1 - 0. Let c = 384 + w. Suppose -6*x + c = -174. What are the prime factors of x?
3, 17
Let s = 48 - 87. Let c(h) = -4*h - 74. List the prime factors of c(s).
2, 41
Suppose -5*u + 5*l + 29 = -31, l + 34 = 3*u. Suppose 0 = 14*r - u*r - 1239. What are the prime factors of r?
7, 59
Suppose -345*b = -156*b - 149*b - 706240. What are the prime factors of b?
2, 2207
Let g(q) = 474*q**2 - 40*q + 175. What are the prime factors of g(5)?
5, 11, 43
Suppose 3*w + 3*k = 157 + 482, 3*w + k = 637. Suppose -w = -4*g + 12. Suppose -5*h = -5*x - 2*h + g, 5*x - 2*h - 59 = 0. What are the prime factors of x?
13
Let l = 5472 - 3812. Suppose 4*v + 4*b = l, v - 419 = 3*b - 2*b. List the prime factors of v.
3, 139
Let g = 16671 + -10604. What are the prime factors of g?
6067
Let f(x) = 108*x - 126. Let d be 820/(-123)*(-12)/10*1. List the prime factors of f(d).
2, 3, 41
Suppose -5*c + 300 = 5*j - 95185, 0 = c + 2*j - 19091. What are the prime factors of c?
7, 2729
Let y(f) = 6*f**3 - 6*f**2 - 5*f + 13. Let h be y(6). Let s = h + -756. What are the prime factors of s?
307
Let p be -15*(5 + -11)/(6/4). List the prime factors of 5/(p/(-1698))*-2.
283
Let s = -8895 - -17591. What are the prime factors of s?
2, 1087
List the prime factors of (96/(-40))/(4/(-13480)).
2, 3, 337
Let r(g) = -7*g**3 - 4*g**2 + 6*g + 5. Let o(d) = -d**3 + d + 1. Let f(q) = 6*o(q) - r(q). Let y be f(-3). What are the prime factors of ((-486)/45)/(-1*4/y)?
3
Let i = -59896 + 132814. List the prime factors of i.
2, 3, 4051
Let k(x) = 936*x + 140. List the prime factors of k(6).
2, 1439
Let w(y) = -14*y - 189. Let v be w(-14). Suppose -k - 1176 = -v*k. List the prime factors of k.
2, 7
Suppose -19*h + 78 + 112 = 0. Suppose 2*x + 2*d = 408, 10 = 8*d - h*d. What are the prime factors of x?
11, 19
Let f(i) = -i**3 + 1. Let d be f(1). Suppose d = -5*g - 85 + 30. What are the prime factors of (-79)/g + (-4)/22?
7
Suppose -52*h + 54*h = 3*r + 31393, 0 = 2*h + 4*r - 31414. What are the prime factors of h?
7, 2243
List the prime factors of (130 - 121) + (5824 - 1).
2, 3
Let k(z) = z - 5. Let u be k(9). Suppose -u*w - 4*v + 21 = -5*w, -4*w = 3*v + 8. Let j = w + 55. List the prime factors of j.
2, 5
What are the prime factors of 46/(-644) - (-75182)/28?
3, 5, 179
Let m(q) = q**2 - q - 2. Let w be m(-3). Suppose -274 = -2*a - 4*j, -3*a - w*j + 7*j = -399. Suppose -a*v = -124*v - 1280. List the prime factors of v.
2
Let b = -958 + 3455. What are the prime factors of b?
11, 227
Suppose -1574873 - 1152725 = -94*q. What are the prime factors of q?
29017
Suppose 4*i + 72 = -3*o, -10 + 32 = -o - 2*i. Let r = o - -41. Suppose -3 = -4*k + r. List the prime factors of k.
2
Let o(z) = -z**3 + 7*z**2 + 3*z - 12. Let w be o(7). Suppose -w*a + 583 = -1343. Let f = -68 + a. What are the prime factors of f?
2, 73
Suppose -14*z + 22332 = -28726. List the prime factors of z.
7, 521
Let u(z) = -10*z - 14. Let k(x) = -2*x**2 - 2 - 3 + 1 - 5*x + 1. Let j be k(-3). List the prime factors of u(j).
2, 23
Let n(g) = g**2 - 7*g + 2. Let m be n(7). Let i be m/4 + 0 + (-16212)/(-56). Suppose -10*u + i + 1900 = 0. What are the prime factors of u?
3, 73
Let j be ((-3 - -3) + -28)*-4. What are the prime factors of -1 + j - 6/6?
2, 5, 11
What are the prime factors of (-133)/152*-8 - (-6160 - 0)?
7, 881
Let v(p) = 44*p - 11. Let g be v(7). Let o = -63 + g. List the prime factors of o.
2, 3, 13
Let l(v) = -v**3 - 24*v**2 + 11*v + 45. Let k be (-803)/33 - (-4)/(-6). What are the prime factors of l(k)?
5, 79
Let g be (-3 - -3) + (3 - -2752). Suppose 10*b - g = 5*b. List the prime factors of b.
19, 29
Suppose 0 = r + 23 - 48. Let h(w) = -w**2 + 39*w + 121. What are the prime factors of h(r)?
3, 157
Suppose -2 + 32 = 10*t. Suppose -t*d - 15 = -2*k, -k + 5*d = 7*d - 25. Let c(x) = 13*x + 1. What are the prime factors of c(k)?
2, 7
Let u(o) = 10*o - 8. Let c be 40*-4*1/(-4). Suppose -c = -5*y - 2*k, 5*k = 3*y + 11 - 4. What are the prime factors of u(y)?
2, 13
Suppose -28*p + 99416 = -218888. What are the prime factors of p?
2, 7, 29
Let y(q) = -q**3 - 17*q**2 + 20*q + 32. Suppose 3*g - v + 59 = 0, g - 5*g - 67 = v. Let x be y(g). List the prime factors of x/34 - 4560/(-34).
2, 67
Let a(n) = -3*n + 25 + 5*n - 1. Let d be a(-10). Suppose -2*q - 8 = -l, 0*q - d = -l + 4*q. List the prime factors